{"id":123,"date":"2020-09-30T20:49:47","date_gmt":"2020-09-30T18:49:47","guid":{"rendered":"http:\/\/virtual.usac.edu.gt\/criminalistica\/?page_id=123"},"modified":"2020-10-02T10:45:13","modified_gmt":"2020-10-02T16:45:13","slug":"area-tecnica","status":"publish","type":"page","link":"https:\/\/virtual.usac.edu.gt\/criminalistica\/area-tecnica\/","title":{"rendered":"\u00c1rea t\u00e9cnica"},"content":{"rendered":"\n<p><strong>T\u00e9cnico en criminal\u00edstica<\/strong><\/p>\n\n\n\n<p>Se podr\u00e1 obtener el diploma de T\u00e9cnico en criminal\u00edstica al aprobar las primeras treinta asignaturas de la carrera y&nbsp; cumplir con las disposiciones contenidas en el reglamento espec\u00edfico para su acreditaci\u00f3n correspondiente.<\/p>\n\n\n\n<figure class=\"wp-block-image size-large\"><img loading=\"lazy\" decoding=\"async\" width=\"1024\" height=\"680\" src=\"http:\/\/virtual.usac.edu.gt\/criminalistica\/wp-content\/uploads\/2020\/10\/GRAFICOS-CRIMINOLOGIA-WEB3-3-1024x680.jpg\" alt=\"\" class=\"wp-image-659\" srcset=\"https:\/\/virtual.usac.edu.gt\/criminalistica\/wp-content\/uploads\/2020\/10\/GRAFICOS-CRIMINOLOGIA-WEB3-3-1024x680.jpg 1024w, https:\/\/virtual.usac.edu.gt\/criminalistica\/wp-content\/uploads\/2020\/10\/GRAFICOS-CRIMINOLOGIA-WEB3-3-300x199.jpg 300w, https:\/\/virtual.usac.edu.gt\/criminalistica\/wp-content\/uploads\/2020\/10\/GRAFICOS-CRIMINOLOGIA-WEB3-3-768x510.jpg 768w, https:\/\/virtual.usac.edu.gt\/criminalistica\/wp-content\/uploads\/2020\/10\/GRAFICOS-CRIMINOLOGIA-WEB3-3-1536x1020.jpg 1536w, https:\/\/virtual.usac.edu.gt\/criminalistica\/wp-content\/uploads\/2020\/10\/GRAFICOS-CRIMINOLOGIA-WEB3-3-2048x1360.jpg 2048w, https:\/\/virtual.usac.edu.gt\/criminalistica\/wp-content\/uploads\/2020\/10\/GRAFICOS-CRIMINOLOGIA-WEB3-3-1626x1080.jpg 1626w\" sizes=\"auto, (max-width: 1024px) 100vw, 1024px\" \/><\/figure>\n\n\n\n<figure class=\"wp-block-image size-large\"><img loading=\"lazy\" decoding=\"async\" width=\"1024\" height=\"680\" src=\"http:\/\/virtual.usac.edu.gt\/criminalistica\/wp-content\/uploads\/2020\/10\/GRAFICOS-CRIMINOLOGIA-WEB4-2-1024x680.jpg\" alt=\"\" class=\"wp-image-637\" srcset=\"https:\/\/virtual.usac.edu.gt\/criminalistica\/wp-content\/uploads\/2020\/10\/GRAFICOS-CRIMINOLOGIA-WEB4-2-1024x680.jpg 1024w, https:\/\/virtual.usac.edu.gt\/criminalistica\/wp-content\/uploads\/2020\/10\/GRAFICOS-CRIMINOLOGIA-WEB4-2-300x199.jpg 300w, https:\/\/virtual.usac.edu.gt\/criminalistica\/wp-content\/uploads\/2020\/10\/GRAFICOS-CRIMINOLOGIA-WEB4-2-768x510.jpg 768w, https:\/\/virtual.usac.edu.gt\/criminalistica\/wp-content\/uploads\/2020\/10\/GRAFICOS-CRIMINOLOGIA-WEB4-2-1536x1020.jpg 1536w, https:\/\/virtual.usac.edu.gt\/criminalistica\/wp-content\/uploads\/2020\/10\/GRAFICOS-CRIMINOLOGIA-WEB4-2-2048x1360.jpg 2048w, https:\/\/virtual.usac.edu.gt\/criminalistica\/wp-content\/uploads\/2020\/10\/GRAFICOS-CRIMINOLOGIA-WEB4-2-1626x1080.jpg 1626w\" sizes=\"auto, (max-width: 1024px) 100vw, 1024px\" \/><\/figure>\n\n\n\n<figure class=\"wp-block-image size-large\"><img loading=\"lazy\" decoding=\"async\" width=\"1024\" height=\"680\" src=\"http:\/\/virtual.usac.edu.gt\/criminalistica\/wp-content\/uploads\/2020\/10\/GRAFICOS-CRIMINOLOGIA-WEB5-2-1024x680.jpg\" alt=\"\" class=\"wp-image-638\" srcset=\"https:\/\/virtual.usac.edu.gt\/criminalistica\/wp-content\/uploads\/2020\/10\/GRAFICOS-CRIMINOLOGIA-WEB5-2-1024x680.jpg 1024w, https:\/\/virtual.usac.edu.gt\/criminalistica\/wp-content\/uploads\/2020\/10\/GRAFICOS-CRIMINOLOGIA-WEB5-2-300x199.jpg 300w, https:\/\/virtual.usac.edu.gt\/criminalistica\/wp-content\/uploads\/2020\/10\/GRAFICOS-CRIMINOLOGIA-WEB5-2-768x510.jpg 768w, https:\/\/virtual.usac.edu.gt\/criminalistica\/wp-content\/uploads\/2020\/10\/GRAFICOS-CRIMINOLOGIA-WEB5-2-1536x1020.jpg 1536w, https:\/\/virtual.usac.edu.gt\/criminalistica\/wp-content\/uploads\/2020\/10\/GRAFICOS-CRIMINOLOGIA-WEB5-2-2048x1360.jpg 2048w, https:\/\/virtual.usac.edu.gt\/criminalistica\/wp-content\/uploads\/2020\/10\/GRAFICOS-CRIMINOLOGIA-WEB5-2-1626x1080.jpg 1626w\" sizes=\"auto, (max-width: 1024px) 100vw, 1024px\" \/><\/figure>\n","protected":false},"excerpt":{"rendered":"<p>T\u00e9cnico en criminal\u00edstica Se podr\u00e1 obtener el diploma de T\u00e9cnico en criminal\u00edstica al aprobar las primeras treinta asignaturas de la carrera y&nbsp; cumplir con las disposiciones contenidas en el reglamento espec\u00edfico para su acreditaci\u00f3n correspondiente.<\/p>\n","protected":false},"author":1,"featured_media":0,"parent":0,"menu_order":0,"comment_status":"closed","ping_status":"closed","template":"","meta":{"footnotes":""},"class_list":["post-123","page","type-page","status-publish","hentry"],"_links":{"self":[{"href":"https:\/\/virtual.usac.edu.gt\/criminalistica\/wp-json\/wp\/v2\/pages\/123","targetHints":{"allow":["GET"]}}],"collection":[{"href":"https:\/\/virtual.usac.edu.gt\/criminalistica\/wp-json\/wp\/v2\/pages"}],"about":[{"href":"https:\/\/virtual.usac.edu.gt\/criminalistica\/wp-json\/wp\/v2\/types\/page"}],"author":[{"embeddable":true,"href":"https:\/\/virtual.usac.edu.gt\/criminalistica\/wp-json\/wp\/v2\/users\/1"}],"replies":[{"embeddable":true,"href":"https:\/\/virtual.usac.edu.gt\/criminalistica\/wp-json\/wp\/v2\/comments?post=123"}],"version-history":[{"count":3,"href":"https:\/\/virtual.usac.edu.gt\/criminalistica\/wp-json\/wp\/v2\/pages\/123\/revisions"}],"predecessor-version":[{"id":662,"href":"https:\/\/virtual.usac.edu.gt\/criminalistica\/wp-json\/wp\/v2\/pages\/123\/revisions\/662"}],"wp:attachment":[{"href":"https:\/\/virtual.usac.edu.gt\/criminalistica\/wp-json\/wp\/v2\/media?parent=123"}],"curies":[{"name":"wp","href":"https:\/\/api.w.org\/{rel}","templated":true}]}}