{"id":261,"date":"2020-10-01T12:34:56","date_gmt":"2020-10-01T18:34:56","guid":{"rendered":"http:\/\/virtual.usac.edu.gt\/criminalistica\/?page_id=261"},"modified":"2020-10-02T21:32:34","modified_gmt":"2020-10-03T03:32:34","slug":"curso-propedeutico","status":"publish","type":"page","link":"https:\/\/virtual.usac.edu.gt\/criminalistica\/curso-propedeutico\/","title":{"rendered":"Curso proped\u00e9utico"},"content":{"rendered":"\n<p><strong>\u00bfQu\u00e9 es el curso proped\u00e9utico?<\/strong><\/p>\n\n\n\n<p>Es un curso breve que te permitir\u00e1 explorar los conceptos fundamentales de la Criminolog\u00eda y la Criminal\u00edstica y te ayudar\u00e1 a comenzar tu formaci\u00f3n profesional de manera exitosa. A la vez, mediante el curso te familiarizar\u00e1s con la plataforma virtual en la que se desarrollar\u00e1n los cursos de la carrera. El curso tiene un costo de Q.75.00.<\/p>\n\n\n\n<table border=\"0\">\n<tbody>\n<tr>\n<td><span style=\"color: #ffffff;\">1<\/span><\/td>\n<td><\/td>\n<\/tr>\n<tr>\n<td rowspan=\"2\"><img loading=\"lazy\" decoding=\"async\" src=\"http:\/\/virtual.usac.edu.gt\/criminalistica\/wp-content\/uploads\/2020\/10\/PROPEDEUTICO-01.png\" width=\"100\" height=\"100\" class=\"img-responsive\"><\/td>\n<td><\/td>\n<\/tr>\n<tr>\n<td>\n<p><strong>\u00bfCu\u00e1les son los objetivos del curso?<\/strong><\/p>\n<\/td>\n<\/tr>\n<\/tbody>\n<\/table>\n\n\n\n<ul class=\"wp-block-list\"><li>Ofrecerte contenidos introductorios a la licenciatura en Criminolog\u00eda y Criminal\u00edstica para que cuando comiences tu carrera profesional, ya tengas dominio de los conceptos fundamentales.<\/li><li>Proponerte actividades de aprendizaje que te permitan explorar las funciones de la plataforma virtual y familiarizarte con una modalidad de trabajo aut\u00f3nomo y autorregulado que te servir\u00e1 a lo largo de tu carrera.<\/li><li>Seleccionar a los estudiantes con el mejor rendimiento durante el curso, para garantizar que la oportunidad de participar en la carrera ser\u00e1 aprovechada por candidatos con un alto nivel de inter\u00e9s y compromiso con su profesionalizaci\u00f3n.<\/li><\/ul>\n\n\n\n<table border=\"0\">\n<tbody>\n<tr>\n<td><span style=\"color: #ffffff;\">1<\/span><\/td>\n<td><\/td>\n<\/tr>\n<tr>\n<td rowspan=\"2\"><img loading=\"lazy\" decoding=\"async\" src=\"http:\/\/virtual.usac.edu.gt\/criminalistica\/wp-content\/uploads\/2020\/10\/PROPEDEUTICO-03.png\" width=\"100\" height=\"100\" class=\"img-responsive\"><\/td>\n<td><\/td>\n<\/tr>\n<tr>\n<td>\n<p><strong>\u00bfCu\u00e1nto tiempo dura?<\/strong><\/p>\n<\/td>\n<\/tr>\n<\/tbody>\n<\/table>\n\n\n\n<p>El curso proped\u00e9utico tiene una duraci\u00f3n de tres semanas calendario. Es importante que cumplas con las actividades en el tiempo asignado, pues al finalizar cada semana, se cierran los espacios de entrega de actividades.<\/p>\n\n\n\n<table border=\"0\">\n<tbody>\n<tr>\n<td><span style=\"color: #ffffff;\">1<\/span><\/td>\n<td><\/td>\n<\/tr>\n<tr>\n<td rowspan=\"2\"><img loading=\"lazy\" decoding=\"async\" src=\"http:\/\/virtual.usac.edu.gt\/criminalistica\/wp-content\/uploads\/2020\/10\/PROPEDEUTICO-02.png\" width=\"100\" height=\"100\" class=\"img-responsive\"><\/td>\n<td><\/td>\n<\/tr>\n<tr>\n<td>\n<p><strong>\u00bfQu\u00e9 aprender\u00e9 en el curso proped\u00e9utico?<\/strong><\/p>\n<\/td>\n<\/tr>\n<\/tbody>\n<\/table>\n\n\n\n<p>En este curso explorar\u00e1s contenidos fundamentales para el estudio de la Criminolog\u00eda y la Criminal\u00edstica. Por ejemplo:<\/p>\n\n\n\n<ul class=\"wp-block-list\"><li>Concepto de Criminolog\u00eda y Criminal\u00edstica<\/li><li>Diferencia entre las dos disciplinas<\/li><li>Ciencias que se relacionan con estas dos disciplinas<\/li><li>Importancia de la Criminolog\u00eda y la Criminal\u00edstica para el contexto guatemalteco<\/li><\/ul>\n\n\n\n<p>Al mismo tiempo, explorar\u00e1s algunas acciones que puedes realizar dentro de la plataforma educativa. Por ejemplo:<\/p>\n\n\n\n<ul class=\"wp-block-list\"><li>Ingresar al Campus virtual y navegar en el aula del curso<\/li><li>Actualizar el perfil de tu usuario<\/li><li>Descargar material de estudio<\/li><li>Participar en actividades colaborativas, como foros y Wikis<\/li><li>Enviar correctamente una tarea a trav\u00e9s de la plataforma y en diferentes formatos<\/li><\/ul>\n\n\n\n<table border=\"0\">\n<tbody>\n<tr>\n<td><span style=\"color: #ffffff;\">1<\/span><\/td>\n<td><\/td>\n<\/tr>\n<tr>\n<td rowspan=\"2\"><img loading=\"lazy\" decoding=\"async\" src=\"http:\/\/virtual.usac.edu.gt\/criminalistica\/wp-content\/uploads\/2020\/10\/PROPEDEUTICO-04.png\" width=\"100\" height=\"100\" class=\"img-responsive\"><\/td>\n<td><\/td>\n<\/tr>\n<tr>\n<td>\n<p><strong>\u00bfPor qu\u00e9 medio puedo acceder a los materiales de aprendizaje?<\/strong><\/p>\n<\/td>\n<\/tr>\n<\/tbody>\n<\/table>\n\n\n\n<p>Todos los materiales de aprendizaje estar\u00e1n disponibles a trav\u00e9s de la plataforma oficial de la universidad, a la que puedes acceder desde cualquier dispositivo con conexi\u00f3n a internet.<\/p>\n\n\n\n<div class=\"wp-block-buttons is-layout-flex wp-block-buttons-is-layout-flex\">\n<div class=\"wp-block-button\"><a class=\"wp-block-button__link\" href=\"https:\/\/virtual.usac.edu.gt\/aulacriminologia\/\" target=\"_blank\" rel=\"noreferrer noopener\">Ir a campus virtual<\/a><\/div>\n<\/div>\n","protected":false},"excerpt":{"rendered":"<p>\u00bfQu\u00e9 es el curso proped\u00e9utico? Es un curso breve que te permitir\u00e1 explorar los conceptos fundamentales de la Criminolog\u00eda y la Criminal\u00edstica y te ayudar\u00e1 a comenzar tu formaci\u00f3n profesional de manera exitosa. A la vez, mediante el curso te familiarizar\u00e1s con la plataforma virtual en la que se desarrollar\u00e1n los cursos de la carrera.&hellip; <br \/> <a class=\"button small blue\" href=\"https:\/\/virtual.usac.edu.gt\/criminalistica\/curso-propedeutico\/\">Read more<\/a><\/p>\n","protected":false},"author":1,"featured_media":0,"parent":0,"menu_order":0,"comment_status":"closed","ping_status":"closed","template":"","meta":{"footnotes":""},"class_list":["post-261","page","type-page","status-publish","hentry"],"_links":{"self":[{"href":"https:\/\/virtual.usac.edu.gt\/criminalistica\/wp-json\/wp\/v2\/pages\/261","targetHints":{"allow":["GET"]}}],"collection":[{"href":"https:\/\/virtual.usac.edu.gt\/criminalistica\/wp-json\/wp\/v2\/pages"}],"about":[{"href":"https:\/\/virtual.usac.edu.gt\/criminalistica\/wp-json\/wp\/v2\/types\/page"}],"author":[{"embeddable":true,"href":"https:\/\/virtual.usac.edu.gt\/criminalistica\/wp-json\/wp\/v2\/users\/1"}],"replies":[{"embeddable":true,"href":"https:\/\/virtual.usac.edu.gt\/criminalistica\/wp-json\/wp\/v2\/comments?post=261"}],"version-history":[{"count":21,"href":"https:\/\/virtual.usac.edu.gt\/criminalistica\/wp-json\/wp\/v2\/pages\/261\/revisions"}],"predecessor-version":[{"id":766,"href":"https:\/\/virtual.usac.edu.gt\/criminalistica\/wp-json\/wp\/v2\/pages\/261\/revisions\/766"}],"wp:attachment":[{"href":"https:\/\/virtual.usac.edu.gt\/criminalistica\/wp-json\/wp\/v2\/media?parent=261"}],"curies":[{"name":"wp","href":"https:\/\/api.w.org\/{rel}","templated":true}]}}