{"id":58,"date":"2023-05-25T22:17:34","date_gmt":"2023-05-25T20:17:34","guid":{"rendered":"http:\/\/192.168.100.2:83\/?page_id=58"},"modified":"2023-06-29T17:32:36","modified_gmt":"2023-06-29T15:32:36","slug":"historia","status":"publish","type":"page","link":"https:\/\/virtual.usac.edu.gt\/dda\/historia\/","title":{"rendered":"historia"},"content":{"rendered":"\n<p><h1><strong style=\"color: var(--ast-global-color-2); font-style: inherit; font-family: var( --e-global-typography-text-font-family ), Sans-serif; font-size: 2.66667rem;\"><span style=\"color: #1E1D53;\"><\/span><\/strong><\/h1>\n            <h2 style=\"text-align: justify;\"><span style=\"color: #000000;\">\n                El Instituto de Investigaci\u00f3n y Mejoramiento Educativo, fue fundado el 25 de noviembre de 1961, seg\u00fan convenio de cooperaci\u00f3n que se firm\u00f3 entre la Universidad de San Carlos de Guatemala y la Universidad Norteamericana Michigan State University. El convenio se refiere a la creaci\u00f3n del Centro de Investigaciones y Mejoramiento Educativo \u2013IIME-, cre\u00e1ndose originalmente como Centro, posteriormente se le denomin\u00f3 Instituto por cuestiones jer\u00e1rquicas.\n            <\/span><\/h2>\n            <h2 style=\"text-align: justify;\"><span style=\"color: #000000;\">\n                En mayo de 1962, con la autorizaci\u00f3n del Consejo Superior Universitario, se firm\u00f3 el documento denominado Acuerdo para la realizaci\u00f3n del convenio entre la Universidad de San Carlos de Guatemala y Michichan State University, el que permiti\u00f3 iniciar un Programa preuniversitario en el que el referido Instituto hace presencia en el horizonte acad\u00e9mico, no s\u00f3lo en el \u00e1mbito guatemalteco, sino tambi\u00e9n a nivel centroamericano. En este contexto, a solicitud de la Universidad de San Carlos de Guatemala, el IIME adquiri\u00f3 categor\u00eda de organismo regional, por aprobaci\u00f3n del Consejo Superior Centroamericano \u2013CSUCA- en diciembre de 1962.\n            <\/span><\/h2>\n            <h2 style=\"text-align: justify;\"><span style=\"color: #000000;\">\n                En el a\u00f1o 1965 el Instituto de Investigaciones y Mejoramiento Educativo pasa a depender directamente a la Universidad de San Carlos, asign\u00e1ndole su correspondiente presupuesto.\n            <\/span><\/h2>\n            <h2 style=\"text-align: justify;\"><span style=\"color: #000000;\">\n                En julio de 1981, al asumir la rector\u00eda el Licenciado Mario Dary Rivera, se reestructura el Instituto en los Departamentos de Investigaci\u00f3n, Educaci\u00f3n y Divulgaci\u00f3n El 7 de julio de 1999, seg\u00fan punto SEGUNDO del Acta No. 21-99 del Consejo Superior Universitario, se crea la Direcci\u00f3n General de Docencia integr\u00e1ndose a \u00e9sta el Instituto de Investigaciones y Mejoramiento Educativo \u2013IIME-y la Oficina T\u00e9cnica de Evaluaci\u00f3n del Personal Docente \u2013OTEP-.\n            <\/span><\/h2>\n            <h2 style=\"text-align: justify;\"><span style=\"color: #000000;\">\n                En 1999 los Departamentos de Investigaci\u00f3n, Educaci\u00f3n, Asesor\u00eda y Orientaci\u00f3n Curricular, Evaluaci\u00f3n y Promoci\u00f3n del Personal Acad\u00e9mico, estructuralmente pasan a formar parte de la Divisi\u00f3n de Desarrollo Acad\u00e9mico.\n            <\/span><\/h2>\n    \n        <\/p>\n\n\n\n<div class=\"wp-block-button\"><a class=\"wp-block-button__link has-background wp-element-button\" href=\"http:\/\/virtual.usac.edu.gt\/dda\/\" style=\"background-color:#1e1d53\"><strong>Regresar<\/strong><\/a><\/div>\n<div class=\"pvc_clear\"><\/div><p id=\"pvc_stats_58\" class=\"pvc_stats all  \" data-element-id=\"58\" style=\"\"><i class=\"pvc-stats-icon medium\" aria-hidden=\"true\"><svg aria-hidden=\"true\" focusable=\"false\" data-prefix=\"far\" data-icon=\"chart-bar\" role=\"img\" xmlns=\"http:\/\/www.w3.org\/2000\/svg\" viewBox=\"0 0 512 512\" class=\"svg-inline--fa fa-chart-bar fa-w-16 fa-2x\"><path fill=\"currentColor\" d=\"M396.8 352h22.4c6.4 0 12.8-6.4 12.8-12.8V108.8c0-6.4-6.4-12.8-12.8-12.8h-22.4c-6.4 0-12.8 6.4-12.8 12.8v230.4c0 6.4 6.4 12.8 12.8 12.8zm-192 0h22.4c6.4 0 12.8-6.4 12.8-12.8V140.8c0-6.4-6.4-12.8-12.8-12.8h-22.4c-6.4 0-12.8 6.4-12.8 12.8v198.4c0 6.4 6.4 12.8 12.8 12.8zm96 0h22.4c6.4 0 12.8-6.4 12.8-12.8V204.8c0-6.4-6.4-12.8-12.8-12.8h-22.4c-6.4 0-12.8 6.4-12.8 12.8v134.4c0 6.4 6.4 12.8 12.8 12.8zM496 400H48V80c0-8.84-7.16-16-16-16H16C7.16 64 0 71.16 0 80v336c0 17.67 14.33 32 32 32h464c8.84 0 16-7.16 16-16v-16c0-8.84-7.16-16-16-16zm-387.2-48h22.4c6.4 0 12.8-6.4 12.8-12.8v-70.4c0-6.4-6.4-12.8-12.8-12.8h-22.4c-6.4 0-12.8 6.4-12.8 12.8v70.4c0 6.4 6.4 12.8 12.8 12.8z\" class=\"\"><\/path><\/svg><\/i> <img loading=\"lazy\" decoding=\"async\" width=\"16\" height=\"16\" alt=\"Loading\" src=\"https:\/\/virtual.usac.edu.gt\/dda\/wp-content\/plugins\/page-views-count\/ajax-loader-2x.gif\" border=0 \/><\/p><div class=\"pvc_clear\"><\/div>","protected":false},"excerpt":{"rendered":"<p>El Instituto de Investigaci\u00f3n y Mejoramiento Educativo, fue fundado el 25 de noviembre de 1961, seg\u00fan convenio de cooperaci\u00f3n que se firm\u00f3 entre la Universidad de San Carlos de Guatemala y la Universidad Norteamericana Michigan State University. El convenio se refiere a la creaci\u00f3n del Centro de Investigaciones y Mejoramiento Educativo \u2013IIME-, cre\u00e1ndose originalmente como &hellip;<\/p>\n<p class=\"read-more\"> <a class=\"\" href=\"https:\/\/virtual.usac.edu.gt\/dda\/historia\/\"> <span class=\"screen-reader-text\">historia<\/span> Read More &raquo;<\/a><\/p>\n<div class=\"pvc_clear\"><\/div>\n<p id=\"pvc_stats_58\" class=\"pvc_stats all  \" data-element-id=\"58\" style=\"\"><i class=\"pvc-stats-icon medium\" aria-hidden=\"true\"><svg aria-hidden=\"true\" focusable=\"false\" data-prefix=\"far\" data-icon=\"chart-bar\" role=\"img\" xmlns=\"http:\/\/www.w3.org\/2000\/svg\" viewBox=\"0 0 512 512\" class=\"svg-inline--fa fa-chart-bar fa-w-16 fa-2x\"><path fill=\"currentColor\" d=\"M396.8 352h22.4c6.4 0 12.8-6.4 12.8-12.8V108.8c0-6.4-6.4-12.8-12.8-12.8h-22.4c-6.4 0-12.8 6.4-12.8 12.8v230.4c0 6.4 6.4 12.8 12.8 12.8zm-192 0h22.4c6.4 0 12.8-6.4 12.8-12.8V140.8c0-6.4-6.4-12.8-12.8-12.8h-22.4c-6.4 0-12.8 6.4-12.8 12.8v198.4c0 6.4 6.4 12.8 12.8 12.8zm96 0h22.4c6.4 0 12.8-6.4 12.8-12.8V204.8c0-6.4-6.4-12.8-12.8-12.8h-22.4c-6.4 0-12.8 6.4-12.8 12.8v134.4c0 6.4 6.4 12.8 12.8 12.8zM496 400H48V80c0-8.84-7.16-16-16-16H16C7.16 64 0 71.16 0 80v336c0 17.67 14.33 32 32 32h464c8.84 0 16-7.16 16-16v-16c0-8.84-7.16-16-16-16zm-387.2-48h22.4c6.4 0 12.8-6.4 12.8-12.8v-70.4c0-6.4-6.4-12.8-12.8-12.8h-22.4c-6.4 0-12.8 6.4-12.8 12.8v70.4c0 6.4 6.4 12.8 12.8 12.8z\" class=\"\"><\/path><\/svg><\/i> <img loading=\"lazy\" decoding=\"async\" width=\"16\" height=\"16\" alt=\"Loading\" src=\"https:\/\/virtual.usac.edu.gt\/dda\/wp-content\/plugins\/page-views-count\/ajax-loader-2x.gif\" border=0 \/><\/p>\n<div class=\"pvc_clear\"><\/div>\n","protected":false},"author":1,"featured_media":0,"parent":0,"menu_order":0,"comment_status":"closed","ping_status":"closed","template":"","meta":{"site-sidebar-layout":"default","site-content-layout":"default","ast-global-header-display":"","ast-banner-title-visibility":"","ast-main-header-display":"","ast-hfb-above-header-display":"","ast-hfb-below-header-display":"","ast-hfb-mobile-header-display":"","site-post-title":"disabled","ast-breadcrumbs-content":"","ast-featured-img":"","footer-sml-layout":"","theme-transparent-header-meta":"","adv-header-id-meta":"","stick-header-meta":"","header-above-stick-meta":"","header-main-stick-meta":"","header-below-stick-meta":"","footnotes":""},"class_list":["post-58","page","type-page","status-publish","hentry"],"a3_pvc":{"activated":true,"total_views":341,"today_views":0},"_links":{"self":[{"href":"https:\/\/virtual.usac.edu.gt\/dda\/wp-json\/wp\/v2\/pages\/58","targetHints":{"allow":["GET"]}}],"collection":[{"href":"https:\/\/virtual.usac.edu.gt\/dda\/wp-json\/wp\/v2\/pages"}],"about":[{"href":"https:\/\/virtual.usac.edu.gt\/dda\/wp-json\/wp\/v2\/types\/page"}],"author":[{"embeddable":true,"href":"https:\/\/virtual.usac.edu.gt\/dda\/wp-json\/wp\/v2\/users\/1"}],"replies":[{"embeddable":true,"href":"https:\/\/virtual.usac.edu.gt\/dda\/wp-json\/wp\/v2\/comments?post=58"}],"version-history":[{"count":3,"href":"https:\/\/virtual.usac.edu.gt\/dda\/wp-json\/wp\/v2\/pages\/58\/revisions"}],"predecessor-version":[{"id":176,"href":"https:\/\/virtual.usac.edu.gt\/dda\/wp-json\/wp\/v2\/pages\/58\/revisions\/176"}],"wp:attachment":[{"href":"https:\/\/virtual.usac.edu.gt\/dda\/wp-json\/wp\/v2\/media?parent=58"}],"curies":[{"name":"wp","href":"https:\/\/api.w.org\/{rel}","templated":true}]}}