{"id":1040,"date":"2024-06-06T03:24:41","date_gmt":"2024-06-06T01:24:41","guid":{"rendered":"https:\/\/virtual.usac.edu.gt\/deai\/?page_id=1040"},"modified":"2025-02-11T16:12:25","modified_gmt":"2025-02-11T15:12:25","slug":"testimonios","status":"publish","type":"page","link":"https:\/\/virtual.usac.edu.gt\/deai\/testimonios\/","title":{"rendered":"Testimonios"},"content":{"rendered":"\t\t<div data-elementor-type=\"wp-page\" data-elementor-id=\"1040\" class=\"elementor elementor-1040\">\n\t\t\t\t\t\t\t\t\t<section class=\"elementor-section elementor-top-section elementor-element elementor-element-ec2be32 elementor-section-boxed elementor-section-height-default elementor-section-height-default\" data-id=\"ec2be32\" data-element_type=\"section\">\n\t\t\t\t\t\t<div class=\"elementor-container elementor-column-gap-default\">\n\t\t\t\t\t<div class=\"elementor-column elementor-col-100 elementor-top-column elementor-element elementor-element-bc34e73\" data-id=\"bc34e73\" data-element_type=\"column\">\n\t\t\t<div class=\"elementor-widget-wrap elementor-element-populated\">\n\t\t\t\t\t\t\t\t<div class=\"elementor-element elementor-element-dddd091 ekit-testimonial-fade e-transform elementor-widget elementor-widget-elementskit-testimonial\" data-id=\"dddd091\" data-element_type=\"widget\" data-settings=\"{&quot;_transform_rotateZ_effect_hover&quot;:{&quot;unit&quot;:&quot;px&quot;,&quot;size&quot;:&quot;&quot;,&quot;sizes&quot;:[]},&quot;_transform_rotateZ_effect_hover_tablet&quot;:{&quot;unit&quot;:&quot;deg&quot;,&quot;size&quot;:&quot;&quot;,&quot;sizes&quot;:[]},&quot;_transform_rotateZ_effect_hover_mobile&quot;:{&quot;unit&quot;:&quot;deg&quot;,&quot;size&quot;:&quot;&quot;,&quot;sizes&quot;:[]}}\" data-widget_type=\"elementskit-testimonial.default\">\n\t\t\t\t<div class=\"elementor-widget-container\">\n\t\t\t<div class=\"ekit-wid-con\" ><div class=\"elementskit-testimonial-slider slick-slider arrow_inside elementskit-default-testimonial \" data-config=\"{&quot;rtl&quot;:false,&quot;arrows&quot;:false,&quot;dots&quot;:false,&quot;pauseOnHover&quot;:true,&quot;autoplay&quot;:true,&quot;speed&quot;:1000,&quot;slidesPerGroup&quot;:1,&quot;slidesPerView&quot;:2,&quot;loop&quot;:false,&quot;breakpoints&quot;:{&quot;320&quot;:{&quot;slidesPerView&quot;:1,&quot;slidesPerGroup&quot;:1},&quot;768&quot;:{&quot;slidesPerView&quot;:2,&quot;slidesPerGroup&quot;:1},&quot;1024&quot;:{&quot;slidesPerView&quot;:2,&quot;slidesPerGroup&quot;:1}}}\">\n\t<div class=\"swiper\">\n        <div class=\"slick-list swiper-wrapper\">\n\t\t\t\t\t<div class=\"swiper-slide\">\n\t\t\t\t<div class=\"slick-slide\">\n\t\t\t\t\t<a class=\"elemntskit-testimonial-item\" href=\"https:\/\/youtu.be\/EuiP3D9NFt4\">\n\t\t\t\t\t\t<div class=\"elementskit-single-testimonial-slider testimonial-active\">\n\t\t\t\t\t\t\t<div class=\"row\">\n\t\t\t\t\t\t\t\t<div class=\"col-lg-6 elementkit-testimonial-col\">\n\t\t\t\t\t\t\t\t\t<div class=\"elementskit-commentor-content\">\n\t\t\t\t\t\t\t\t\t\t\t\t\t\t\t\t\t\t\t\t\t<div class=\"elementskit-client_logo\">\n\t\t\t\t\t\t\t\t\t\t\t\t<img loading=\"lazy\" decoding=\"async\" width=\"1800\" height=\"906\" src=\"https:\/\/virtual.usac.edu.gt\/deai\/wp-content\/uploads\/2024\/08\/LOGOTIPO-DEAI-USAC-e1724436052629.png\" class=\"attachment-full size-full\" alt=\"\" srcset=\"https:\/\/virtual.usac.edu.gt\/deai\/wp-content\/uploads\/2024\/08\/LOGOTIPO-DEAI-USAC-e1724436052629.png 1800w, https:\/\/virtual.usac.edu.gt\/deai\/wp-content\/uploads\/2024\/08\/LOGOTIPO-DEAI-USAC-e1724436052629-300x151.png 300w, https:\/\/virtual.usac.edu.gt\/deai\/wp-content\/uploads\/2024\/08\/LOGOTIPO-DEAI-USAC-e1724436052629-1024x515.png 1024w, https:\/\/virtual.usac.edu.gt\/deai\/wp-content\/uploads\/2024\/08\/LOGOTIPO-DEAI-USAC-e1724436052629-768x387.png 768w, https:\/\/virtual.usac.edu.gt\/deai\/wp-content\/uploads\/2024\/08\/LOGOTIPO-DEAI-USAC-e1724436052629-1536x773.png 1536w\" sizes=\"auto, (max-width: 1800px) 100vw, 1800px\" \/>\t\t\t\t\t\t\t\t\t\t\t<\/div>\n\t\t\t\t\t\t\t\t\t\t\t\t\t\t\t\t\t\t\t\t\t\t\t\t\t\t\t\t\t\t\t\t\t\t\t\t\t\t\t\t\t<span class=\"elementskit-border-hr\"><\/span>\n\t\t\t\t\t\t\t\t\t\t\t\t\t\t\t\t\t\t\t\t<span class=\"elementskit-profile-info\">\n\t\t\t\t\t\t\t\t\t\t\t<strong class=\"elementskit-author-name\">Licda. Ingrid Mar\u00eda Portillo Fajardo<\/strong>\n\t\t\t\t\t\t\t\t\t\t\t<span class=\"elementskit-author-des\">DEAI<\/span>\n\t\t\t\t\t\t\t\t\t\t<\/span>\n\t\t\t\t\t\t\t\t\t<\/div>\n\t\t\t\t\t\t\t\t<\/div>\n\t\t\t\t\t\t\t\t<div class=\"col-lg-6 elementkit-testimonial-col\">\n\t\t\t\t\t\t\t\t\t<div class=\"elementskit-profile-image-card\">\n\t\t\t\t\t\t\t\t\t\t<img loading=\"lazy\" decoding=\"async\" width=\"150\" height=\"150\" src=\"https:\/\/virtual.usac.edu.gt\/deai\/wp-content\/uploads\/2024\/08\/Escuela-de-Estudios-de-Postgrado-Facultad-de-Ciencias-Quimicas-y-Farmacia.png\" class=\"attachment-full size-full\" alt=\"\" \/>\t\t\t\t\t\t\t\t\t\t\t\t\t\t\t\t\t\t\t\t\t\t\t\t\t\t\t\t\t<\/div>\n\t\t\t\t\t\t\t\t<\/div>\n\t\t\t\t\t\t\t<\/div>\n\t\t\t\t\t\t<\/div>\n\t\t\t\t\t<\/a>\n\t\t\t\t<\/div>\n\t\t\t<\/div>\n\t\t\t\t\t<div class=\"swiper-slide\">\n\t\t\t\t<div class=\"slick-slide\">\n\t\t\t\t\t<a class=\"elemntskit-testimonial-item\" href=\"https:\/\/www.youtube.com\/watch?v=RCVn6o19HQE\">\n\t\t\t\t\t\t<div class=\"elementskit-single-testimonial-slider \">\n\t\t\t\t\t\t\t<div class=\"row\">\n\t\t\t\t\t\t\t\t<div class=\"col-lg-6 elementkit-testimonial-col\">\n\t\t\t\t\t\t\t\t\t<div class=\"elementskit-commentor-content\">\n\t\t\t\t\t\t\t\t\t\t\t\t\t\t\t\t\t\t\t\t\t<div class=\"elementskit-client_logo\">\n\t\t\t\t\t\t\t\t\t\t\t\t<img loading=\"lazy\" decoding=\"async\" width=\"1800\" height=\"906\" src=\"https:\/\/virtual.usac.edu.gt\/deai\/wp-content\/uploads\/2024\/08\/LOGOTIPO-DEAI-USAC-e1724436052629.png\" class=\"attachment-full size-full\" alt=\"\" srcset=\"https:\/\/virtual.usac.edu.gt\/deai\/wp-content\/uploads\/2024\/08\/LOGOTIPO-DEAI-USAC-e1724436052629.png 1800w, https:\/\/virtual.usac.edu.gt\/deai\/wp-content\/uploads\/2024\/08\/LOGOTIPO-DEAI-USAC-e1724436052629-300x151.png 300w, https:\/\/virtual.usac.edu.gt\/deai\/wp-content\/uploads\/2024\/08\/LOGOTIPO-DEAI-USAC-e1724436052629-1024x515.png 1024w, https:\/\/virtual.usac.edu.gt\/deai\/wp-content\/uploads\/2024\/08\/LOGOTIPO-DEAI-USAC-e1724436052629-768x387.png 768w, https:\/\/virtual.usac.edu.gt\/deai\/wp-content\/uploads\/2024\/08\/LOGOTIPO-DEAI-USAC-e1724436052629-1536x773.png 1536w\" sizes=\"auto, (max-width: 1800px) 100vw, 1800px\" \/>\t\t\t\t\t\t\t\t\t\t\t<\/div>\n\t\t\t\t\t\t\t\t\t\t\t\t\t\t\t\t\t\t\t\t\t\t\t\t\t\t\t\t\t\t\t\t\t\t\t\t\t\t\t\t\t<span class=\"elementskit-border-hr\"><\/span>\n\t\t\t\t\t\t\t\t\t\t\t\t\t\t\t\t\t\t\t\t<span class=\"elementskit-profile-info\">\n\t\t\t\t\t\t\t\t\t\t\t<strong class=\"elementskit-author-name\">M.A. Dorcas Dalila Ort\u00edz Orellana<\/strong>\n\t\t\t\t\t\t\t\t\t\t\t<span class=\"elementskit-author-des\">DIGI<\/span>\n\t\t\t\t\t\t\t\t\t\t<\/span>\n\t\t\t\t\t\t\t\t\t<\/div>\n\t\t\t\t\t\t\t\t<\/div>\n\t\t\t\t\t\t\t\t<div class=\"col-lg-6 elementkit-testimonial-col\">\n\t\t\t\t\t\t\t\t\t<div class=\"elementskit-profile-image-card\">\n\t\t\t\t\t\t\t\t\t\t<img loading=\"lazy\" decoding=\"async\" width=\"418\" height=\"418\" src=\"https:\/\/virtual.usac.edu.gt\/deai\/wp-content\/uploads\/2024\/08\/Direccion-General-de-Investigacion-DIGI.png\" class=\"attachment-full size-full\" alt=\"\" srcset=\"https:\/\/virtual.usac.edu.gt\/deai\/wp-content\/uploads\/2024\/08\/Direccion-General-de-Investigacion-DIGI.png 418w, https:\/\/virtual.usac.edu.gt\/deai\/wp-content\/uploads\/2024\/08\/Direccion-General-de-Investigacion-DIGI-300x300.png 300w, https:\/\/virtual.usac.edu.gt\/deai\/wp-content\/uploads\/2024\/08\/Direccion-General-de-Investigacion-DIGI-150x150.png 150w\" sizes=\"auto, (max-width: 418px) 100vw, 418px\" \/>\t\t\t\t\t\t\t\t\t\t\t\t\t\t\t\t\t\t\t\t\t\t\t\t\t\t\t\t\t<\/div>\n\t\t\t\t\t\t\t\t<\/div>\n\t\t\t\t\t\t\t<\/div>\n\t\t\t\t\t\t<\/div>\n\t\t\t\t\t<\/a>\n\t\t\t\t<\/div>\n\t\t\t<\/div>\n\t\t\t\t<\/div>\n\t<\/div>\n\t<ul aria-describedby=\"paginations\" class=\"slick-dots swiper-pagination swiper-pagination-clickable swiper-pagination-bullets\"><\/ul>\n\t<\/div>\n<\/div>\t\t<\/div>\n\t\t\t\t<\/div>\n\t\t\t\t\t<\/div>\n\t\t<\/div>\n\t\t\t\t\t\t\t<\/div>\n\t\t<\/section>\n\t\t\t\t<section class=\"elementor-section elementor-top-section elementor-element elementor-element-3bde864 elementor-section-boxed elementor-section-height-default elementor-section-height-default\" data-id=\"3bde864\" data-element_type=\"section\">\n\t\t\t\t\t\t<div class=\"elementor-container elementor-column-gap-default\">\n\t\t\t\t\t<div class=\"elementor-column elementor-col-100 elementor-top-column elementor-element elementor-element-c9683a3\" data-id=\"c9683a3\" data-element_type=\"column\">\n\t\t\t<div class=\"elementor-widget-wrap elementor-element-populated\">\n\t\t\t\t\t\t\t\t<div class=\"elementor-element elementor-element-813a24e ekit-testimonial-fade e-transform elementor-widget elementor-widget-elementskit-testimonial\" data-id=\"813a24e\" data-element_type=\"widget\" data-settings=\"{&quot;_transform_rotateZ_effect_hover&quot;:{&quot;unit&quot;:&quot;px&quot;,&quot;size&quot;:&quot;&quot;,&quot;sizes&quot;:[]},&quot;_transform_rotateZ_effect_hover_tablet&quot;:{&quot;unit&quot;:&quot;deg&quot;,&quot;size&quot;:&quot;&quot;,&quot;sizes&quot;:[]},&quot;_transform_rotateZ_effect_hover_mobile&quot;:{&quot;unit&quot;:&quot;deg&quot;,&quot;size&quot;:&quot;&quot;,&quot;sizes&quot;:[]}}\" data-widget_type=\"elementskit-testimonial.default\">\n\t\t\t\t<div class=\"elementor-widget-container\">\n\t\t\t<div class=\"ekit-wid-con\" ><div class=\"elementskit-testimonial-slider slick-slider arrow_inside elementskit-default-testimonial \" data-config=\"{&quot;rtl&quot;:false,&quot;arrows&quot;:false,&quot;dots&quot;:false,&quot;pauseOnHover&quot;:true,&quot;autoplay&quot;:true,&quot;speed&quot;:1000,&quot;slidesPerGroup&quot;:1,&quot;slidesPerView&quot;:2,&quot;loop&quot;:false,&quot;breakpoints&quot;:{&quot;320&quot;:{&quot;slidesPerView&quot;:1,&quot;slidesPerGroup&quot;:1},&quot;768&quot;:{&quot;slidesPerView&quot;:2,&quot;slidesPerGroup&quot;:1},&quot;1024&quot;:{&quot;slidesPerView&quot;:2,&quot;slidesPerGroup&quot;:1}}}\">\n\t<div class=\"swiper\">\n        <div class=\"slick-list swiper-wrapper\">\n\t\t\t\t\t<div class=\"swiper-slide\">\n\t\t\t\t<div class=\"slick-slide\">\n\t\t\t\t\t<a class=\"elemntskit-testimonial-item\" href=\"https:\/\/www.youtube.com\/watch?v=R8alNIrM1Es\">\n\t\t\t\t\t\t<div class=\"elementskit-single-testimonial-slider \">\n\t\t\t\t\t\t\t<div class=\"row\">\n\t\t\t\t\t\t\t\t<div class=\"col-lg-6 elementkit-testimonial-col\">\n\t\t\t\t\t\t\t\t\t<div class=\"elementskit-commentor-content\">\n\t\t\t\t\t\t\t\t\t\t\t\t\t\t\t\t\t\t\t\t\t<div class=\"elementskit-client_logo\">\n\t\t\t\t\t\t\t\t\t\t\t\t<img loading=\"lazy\" decoding=\"async\" width=\"1800\" height=\"906\" src=\"https:\/\/virtual.usac.edu.gt\/deai\/wp-content\/uploads\/2024\/08\/LOGOTIPO-DEAI-USAC-e1724436052629.png\" class=\"attachment-full size-full\" alt=\"\" srcset=\"https:\/\/virtual.usac.edu.gt\/deai\/wp-content\/uploads\/2024\/08\/LOGOTIPO-DEAI-USAC-e1724436052629.png 1800w, https:\/\/virtual.usac.edu.gt\/deai\/wp-content\/uploads\/2024\/08\/LOGOTIPO-DEAI-USAC-e1724436052629-300x151.png 300w, https:\/\/virtual.usac.edu.gt\/deai\/wp-content\/uploads\/2024\/08\/LOGOTIPO-DEAI-USAC-e1724436052629-1024x515.png 1024w, https:\/\/virtual.usac.edu.gt\/deai\/wp-content\/uploads\/2024\/08\/LOGOTIPO-DEAI-USAC-e1724436052629-768x387.png 768w, https:\/\/virtual.usac.edu.gt\/deai\/wp-content\/uploads\/2024\/08\/LOGOTIPO-DEAI-USAC-e1724436052629-1536x773.png 1536w\" sizes=\"auto, (max-width: 1800px) 100vw, 1800px\" \/>\t\t\t\t\t\t\t\t\t\t\t<\/div>\n\t\t\t\t\t\t\t\t\t\t\t\t\t\t\t\t\t\t\t\t\t\t\t\t\t\t\t\t\t\t\t\t\t\t\t\t\t\t\t\t\t<span class=\"elementskit-border-hr\"><\/span>\n\t\t\t\t\t\t\t\t\t\t\t\t\t\t\t\t\t\t\t\t<span class=\"elementskit-profile-info\">\n\t\t\t\t\t\t\t\t\t\t\t<strong class=\"elementskit-author-name\">Lic. Carlos Fernando Paz Valenzuela<\/strong>\n\t\t\t\t\t\t\t\t\t\t\t<span class=\"elementskit-author-des\">CUNSUROC<\/span>\n\t\t\t\t\t\t\t\t\t\t<\/span>\n\t\t\t\t\t\t\t\t\t<\/div>\n\t\t\t\t\t\t\t\t<\/div>\n\t\t\t\t\t\t\t\t<div class=\"col-lg-6 elementkit-testimonial-col\">\n\t\t\t\t\t\t\t\t\t<div class=\"elementskit-profile-image-card\">\n\t\t\t\t\t\t\t\t\t\t<img loading=\"lazy\" decoding=\"async\" width=\"150\" height=\"150\" src=\"https:\/\/virtual.usac.edu.gt\/deai\/wp-content\/uploads\/2024\/06\/Centro-Universitario-de-Sur-Occidente-CUNSUROC.png\" class=\"attachment-full size-full\" alt=\"\" \/>\t\t\t\t\t\t\t\t\t\t\t\t\t\t\t\t\t\t\t\t\t\t\t\t\t\t\t\t\t<\/div>\n\t\t\t\t\t\t\t\t<\/div>\n\t\t\t\t\t\t\t<\/div>\n\t\t\t\t\t\t<\/div>\n\t\t\t\t\t<\/a>\n\t\t\t\t<\/div>\n\t\t\t<\/div>\n\t\t\t\t\t<div class=\"swiper-slide\">\n\t\t\t\t<div class=\"slick-slide\">\n\t\t\t\t\t<a class=\"elemntskit-testimonial-item\" href=\"https:\/\/youtu.be\/uOPSgNihCwg\">\n\t\t\t\t\t\t<div class=\"elementskit-single-testimonial-slider \">\n\t\t\t\t\t\t\t<div class=\"row\">\n\t\t\t\t\t\t\t\t<div class=\"col-lg-6 elementkit-testimonial-col\">\n\t\t\t\t\t\t\t\t\t<div class=\"elementskit-commentor-content\">\n\t\t\t\t\t\t\t\t\t\t\t\t\t\t\t\t\t\t\t\t\t<div class=\"elementskit-client_logo\">\n\t\t\t\t\t\t\t\t\t\t\t\t<img loading=\"lazy\" decoding=\"async\" width=\"1800\" height=\"906\" src=\"https:\/\/virtual.usac.edu.gt\/deai\/wp-content\/uploads\/2024\/08\/LOGOTIPO-DEAI-USAC-e1724436052629.png\" class=\"attachment-full size-full\" alt=\"\" srcset=\"https:\/\/virtual.usac.edu.gt\/deai\/wp-content\/uploads\/2024\/08\/LOGOTIPO-DEAI-USAC-e1724436052629.png 1800w, https:\/\/virtual.usac.edu.gt\/deai\/wp-content\/uploads\/2024\/08\/LOGOTIPO-DEAI-USAC-e1724436052629-300x151.png 300w, https:\/\/virtual.usac.edu.gt\/deai\/wp-content\/uploads\/2024\/08\/LOGOTIPO-DEAI-USAC-e1724436052629-1024x515.png 1024w, https:\/\/virtual.usac.edu.gt\/deai\/wp-content\/uploads\/2024\/08\/LOGOTIPO-DEAI-USAC-e1724436052629-768x387.png 768w, https:\/\/virtual.usac.edu.gt\/deai\/wp-content\/uploads\/2024\/08\/LOGOTIPO-DEAI-USAC-e1724436052629-1536x773.png 1536w\" sizes=\"auto, (max-width: 1800px) 100vw, 1800px\" \/>\t\t\t\t\t\t\t\t\t\t\t<\/div>\n\t\t\t\t\t\t\t\t\t\t\t\t\t\t\t\t\t\t\t\t\t\t\t\t\t\t\t\t\t\t\t\t\t\t\t\t\t\t\t\t\t<span class=\"elementskit-border-hr\"><\/span>\n\t\t\t\t\t\t\t\t\t\t\t\t\t\t\t\t\t\t\t\t<span class=\"elementskit-profile-info\">\n\t\t\t\t\t\t\t\t\t\t\t<strong class=\"elementskit-author-name\">Ing. Erick Rocael de Le\u00f3n Guzm\u00e1n<\/strong>\n\t\t\t\t\t\t\t\t\t\t\t<span class=\"elementskit-author-des\">CUNTOTO<\/span>\n\t\t\t\t\t\t\t\t\t\t<\/span>\n\t\t\t\t\t\t\t\t\t<\/div>\n\t\t\t\t\t\t\t\t<\/div>\n\t\t\t\t\t\t\t\t<div class=\"col-lg-6 elementkit-testimonial-col\">\n\t\t\t\t\t\t\t\t\t<div class=\"elementskit-profile-image-card\">\n\t\t\t\t\t\t\t\t\t\t<img loading=\"lazy\" decoding=\"async\" width=\"150\" height=\"150\" src=\"https:\/\/virtual.usac.edu.gt\/deai\/wp-content\/uploads\/2024\/08\/Centro-Universitario-de-Totonicapan-CUNTOTO-.png\" class=\"attachment-full size-full\" alt=\"\" \/>\t\t\t\t\t\t\t\t\t\t\t\t\t\t\t\t\t\t\t\t\t\t\t\t\t\t\t\t\t<\/div>\n\t\t\t\t\t\t\t\t<\/div>\n\t\t\t\t\t\t\t<\/div>\n\t\t\t\t\t\t<\/div>\n\t\t\t\t\t<\/a>\n\t\t\t\t<\/div>\n\t\t\t<\/div>\n\t\t\t\t<\/div>\n\t<\/div>\n\t<ul aria-describedby=\"paginations\" class=\"slick-dots swiper-pagination swiper-pagination-clickable swiper-pagination-bullets\"><\/ul>\n\t<\/div>\n<\/div>\t\t<\/div>\n\t\t\t\t<\/div>\n\t\t\t\t\t<\/div>\n\t\t<\/div>\n\t\t\t\t\t\t\t<\/div>\n\t\t<\/section>\n\t\t\t\t<section class=\"elementor-section elementor-top-section elementor-element elementor-element-231944b elementor-section-boxed elementor-section-height-default elementor-section-height-default\" data-id=\"231944b\" data-element_type=\"section\">\n\t\t\t\t\t\t<div class=\"elementor-container elementor-column-gap-default\">\n\t\t\t\t\t<div class=\"elementor-column elementor-col-100 elementor-top-column elementor-element elementor-element-56bc60d\" data-id=\"56bc60d\" data-element_type=\"column\">\n\t\t\t<div class=\"elementor-widget-wrap elementor-element-populated\">\n\t\t\t\t\t\t\t\t<div class=\"elementor-element elementor-element-61532c2 ekit-testimonial-fade e-transform elementor-widget elementor-widget-elementskit-testimonial\" data-id=\"61532c2\" data-element_type=\"widget\" data-settings=\"{&quot;_transform_rotateZ_effect_hover&quot;:{&quot;unit&quot;:&quot;px&quot;,&quot;size&quot;:&quot;&quot;,&quot;sizes&quot;:[]},&quot;_transform_rotateZ_effect_hover_tablet&quot;:{&quot;unit&quot;:&quot;deg&quot;,&quot;size&quot;:&quot;&quot;,&quot;sizes&quot;:[]},&quot;_transform_rotateZ_effect_hover_mobile&quot;:{&quot;unit&quot;:&quot;deg&quot;,&quot;size&quot;:&quot;&quot;,&quot;sizes&quot;:[]}}\" data-widget_type=\"elementskit-testimonial.default\">\n\t\t\t\t<div class=\"elementor-widget-container\">\n\t\t\t<div class=\"ekit-wid-con\" ><div class=\"elementskit-testimonial-slider slick-slider arrow_inside elementskit-default-testimonial \" data-config=\"{&quot;rtl&quot;:false,&quot;arrows&quot;:false,&quot;dots&quot;:false,&quot;pauseOnHover&quot;:true,&quot;autoplay&quot;:true,&quot;speed&quot;:1000,&quot;slidesPerGroup&quot;:1,&quot;slidesPerView&quot;:2,&quot;loop&quot;:false,&quot;breakpoints&quot;:{&quot;320&quot;:{&quot;slidesPerView&quot;:1,&quot;slidesPerGroup&quot;:1},&quot;768&quot;:{&quot;slidesPerView&quot;:2,&quot;slidesPerGroup&quot;:1},&quot;1024&quot;:{&quot;slidesPerView&quot;:2,&quot;slidesPerGroup&quot;:1}}}\">\n\t<div class=\"swiper\">\n        <div class=\"slick-list swiper-wrapper\">\n\t\t\t\t\t<div class=\"swiper-slide\">\n\t\t\t\t<div class=\"slick-slide\">\n\t\t\t\t\t<a class=\"elemntskit-testimonial-item\" href=\"https:\/\/youtu.be\/JY2RbzU3LTM\">\n\t\t\t\t\t\t<div class=\"elementskit-single-testimonial-slider \">\n\t\t\t\t\t\t\t<div class=\"row\">\n\t\t\t\t\t\t\t\t<div class=\"col-lg-6 elementkit-testimonial-col\">\n\t\t\t\t\t\t\t\t\t<div class=\"elementskit-commentor-content\">\n\t\t\t\t\t\t\t\t\t\t\t\t\t\t\t\t\t\t\t\t\t<div class=\"elementskit-client_logo\">\n\t\t\t\t\t\t\t\t\t\t\t\t<img loading=\"lazy\" decoding=\"async\" width=\"1800\" height=\"906\" src=\"https:\/\/virtual.usac.edu.gt\/deai\/wp-content\/uploads\/2024\/08\/LOGOTIPO-DEAI-USAC-e1724436052629.png\" class=\"attachment-full size-full\" alt=\"\" srcset=\"https:\/\/virtual.usac.edu.gt\/deai\/wp-content\/uploads\/2024\/08\/LOGOTIPO-DEAI-USAC-e1724436052629.png 1800w, https:\/\/virtual.usac.edu.gt\/deai\/wp-content\/uploads\/2024\/08\/LOGOTIPO-DEAI-USAC-e1724436052629-300x151.png 300w, https:\/\/virtual.usac.edu.gt\/deai\/wp-content\/uploads\/2024\/08\/LOGOTIPO-DEAI-USAC-e1724436052629-1024x515.png 1024w, https:\/\/virtual.usac.edu.gt\/deai\/wp-content\/uploads\/2024\/08\/LOGOTIPO-DEAI-USAC-e1724436052629-768x387.png 768w, https:\/\/virtual.usac.edu.gt\/deai\/wp-content\/uploads\/2024\/08\/LOGOTIPO-DEAI-USAC-e1724436052629-1536x773.png 1536w\" sizes=\"auto, (max-width: 1800px) 100vw, 1800px\" \/>\t\t\t\t\t\t\t\t\t\t\t<\/div>\n\t\t\t\t\t\t\t\t\t\t\t\t\t\t\t\t\t\t\t\t\t\t\t\t\t\t\t\t\t\t\t\t\t\t\t\t\t\t\t\t\t<span class=\"elementskit-border-hr\"><\/span>\n\t\t\t\t\t\t\t\t\t\t\t\t\t\t\t\t\t\t\t\t<span class=\"elementskit-profile-info\">\n\t\t\t\t\t\t\t\t\t\t\t<strong class=\"elementskit-author-name\">Lic. Elmer Amilcar Carrillo Ch\u00e1vez<\/strong>\n\t\t\t\t\t\t\t\t\t\t\t<span class=\"elementskit-author-des\">CUNSARO<\/span>\n\t\t\t\t\t\t\t\t\t\t<\/span>\n\t\t\t\t\t\t\t\t\t<\/div>\n\t\t\t\t\t\t\t\t<\/div>\n\t\t\t\t\t\t\t\t<div class=\"col-lg-6 elementkit-testimonial-col\">\n\t\t\t\t\t\t\t\t\t<div class=\"elementskit-profile-image-card\">\n\t\t\t\t\t\t\t\t\t\t<img loading=\"lazy\" decoding=\"async\" width=\"150\" height=\"150\" src=\"https:\/\/virtual.usac.edu.gt\/deai\/wp-content\/uploads\/2024\/08\/Centro-Universitario-de-Santa-Rosa-CUNSARO.png\" class=\"attachment-full size-full\" alt=\"\" \/>\t\t\t\t\t\t\t\t\t\t\t\t\t\t\t\t\t\t\t\t\t\t\t\t\t\t\t\t\t<\/div>\n\t\t\t\t\t\t\t\t<\/div>\n\t\t\t\t\t\t\t<\/div>\n\t\t\t\t\t\t<\/div>\n\t\t\t\t\t<\/a>\n\t\t\t\t<\/div>\n\t\t\t<\/div>\n\t\t\t\t<\/div>\n\t<\/div>\n\t<ul aria-describedby=\"paginations\" class=\"slick-dots swiper-pagination swiper-pagination-clickable swiper-pagination-bullets\"><\/ul>\n\t<\/div>\n<\/div>\t\t<\/div>\n\t\t\t\t<\/div>\n\t\t\t\t\t<\/div>\n\t\t<\/div>\n\t\t\t\t\t\t\t<\/div>\n\t\t<\/section>\n\t\t\t\t<section class=\"elementor-section elementor-top-section elementor-element elementor-element-4ce352a elementor-section-boxed elementor-section-height-default elementor-section-height-default\" data-id=\"4ce352a\" data-element_type=\"section\">\n\t\t\t\t\t\t<div class=\"elementor-container elementor-column-gap-default\">\n\t\t\t\t\t<div class=\"elementor-column elementor-col-100 elementor-top-column elementor-element elementor-element-4285c40\" data-id=\"4285c40\" data-element_type=\"column\">\n\t\t\t<div class=\"elementor-widget-wrap elementor-element-populated\">\n\t\t\t\t\t\t\t\t<div class=\"elementor-element elementor-element-3f57086 elementor-widget elementor-widget-spacer\" data-id=\"3f57086\" data-element_type=\"widget\" data-widget_type=\"spacer.default\">\n\t\t\t\t<div class=\"elementor-widget-container\">\n\t\t\t<style>\/*! elementor - v3.14.0 - 18-06-2023 *\/\n.elementor-column .elementor-spacer-inner{height:var(--spacer-size)}.e-con{--container-widget-width:100%}.e-con-inner>.elementor-widget-spacer,.e-con>.elementor-widget-spacer{width:var(--container-widget-width,var(--spacer-size));--align-self:var(--container-widget-align-self,initial);--flex-shrink:0}.e-con-inner>.elementor-widget-spacer>.elementor-widget-container,.e-con-inner>.elementor-widget-spacer>.elementor-widget-container>.elementor-spacer,.e-con>.elementor-widget-spacer>.elementor-widget-container,.e-con>.elementor-widget-spacer>.elementor-widget-container>.elementor-spacer{height:100%}.e-con-inner>.elementor-widget-spacer>.elementor-widget-container>.elementor-spacer>.elementor-spacer-inner,.e-con>.elementor-widget-spacer>.elementor-widget-container>.elementor-spacer>.elementor-spacer-inner{height:var(--container-widget-height,var(--spacer-size))}<\/style>\t\t<div class=\"elementor-spacer\">\n\t\t\t<div class=\"elementor-spacer-inner\"><\/div>\n\t\t<\/div>\n\t\t\t\t<\/div>\n\t\t\t\t<\/div>\n\t\t\t\t\t<\/div>\n\t\t<\/div>\n\t\t\t\t\t\t\t<\/div>\n\t\t<\/section>\n\t\t\t\t<section class=\"elementor-section elementor-top-section elementor-element elementor-element-aa024bc elementor-section-boxed elementor-section-height-default elementor-section-height-default\" data-id=\"aa024bc\" data-element_type=\"section\">\n\t\t\t\t\t\t<div class=\"elementor-container elementor-column-gap-default\">\n\t\t\t\t\t<div class=\"elementor-column elementor-col-100 elementor-top-column elementor-element elementor-element-79c8a56\" data-id=\"79c8a56\" data-element_type=\"column\">\n\t\t\t<div class=\"elementor-widget-wrap elementor-element-populated\">\n\t\t\t\t\t\t\t\t<div class=\"elementor-element elementor-element-11a5878 elementor-widget elementor-widget-button\" data-id=\"11a5878\" data-element_type=\"widget\" data-widget_type=\"button.default\">\n\t\t\t\t<div class=\"elementor-widget-container\">\n\t\t\t\t\t<div class=\"elementor-button-wrapper\">\n\t\t\t<a class=\"elementor-button elementor-button-link elementor-size-md\" href=\"https:\/\/virtual.usac.edu.gt\/deai\/red-de-gestores\/\">\n\t\t\t\t\t\t<span class=\"elementor-button-content-wrapper\">\n\t\t\t\t\t\t<span class=\"elementor-button-icon elementor-align-icon-left\">\n\t\t\t\t<i aria-hidden=\"true\" class=\"fas fa-backward\"><\/i>\t\t\t<\/span>\n\t\t\t\t\t\t<span class=\"elementor-button-text\"> Regresar<\/span>\n\t\t<\/span>\n\t\t\t\t\t<\/a>\n\t\t<\/div>\n\t\t\t\t<\/div>\n\t\t\t\t<\/div>\n\t\t\t\t\t<\/div>\n\t\t<\/div>\n\t\t\t\t\t\t\t<\/div>\n\t\t<\/section>\n\t\t\t\t\t\t\t<\/div>\n\t\t","protected":false},"excerpt":{"rendered":"<p>Licda. Ingrid Mar\u00eda Portillo Fajardo DEAI M.A. Dorcas Dalila Ort\u00edz Orellana DIGI Lic. Carlos Fernando Paz Valenzuela CUNSUROC Ing. Erick Rocael de Le\u00f3n Guzm\u00e1n CUNTOTO Lic. Elmer Amilcar Carrillo Ch\u00e1vez CUNSARO Regresar<\/p>\n","protected":false},"author":1,"featured_media":0,"parent":0,"menu_order":0,"comment_status":"closed","ping_status":"closed","template":"","meta":{"_monsterinsights_skip_tracking":false,"_monsterinsights_sitenote_active":false,"_monsterinsights_sitenote_note":"","_monsterinsights_sitenote_category":0,"site-sidebar-layout":"no-sidebar","site-content-layout":"page-builder","ast-global-header-display":"","ast-banner-title-visibility":"","ast-main-header-display":"","ast-hfb-above-header-display":"","ast-hfb-below-header-display":"","ast-hfb-mobile-header-display":"","site-post-title":"disabled","ast-breadcrumbs-content":"","ast-featured-img":"disabled","footer-sml-layout":"","theme-transparent-header-meta":"","adv-header-id-meta":"","stick-header-meta":"","header-above-stick-meta":"","header-main-stick-meta":"","header-below-stick-meta":"","footnotes":""},"class_list":["post-1040","page","type-page","status-publish","hentry"],"_links":{"self":[{"href":"https:\/\/virtual.usac.edu.gt\/deai\/wp-json\/wp\/v2\/pages\/1040","targetHints":{"allow":["GET"]}}],"collection":[{"href":"https:\/\/virtual.usac.edu.gt\/deai\/wp-json\/wp\/v2\/pages"}],"about":[{"href":"https:\/\/virtual.usac.edu.gt\/deai\/wp-json\/wp\/v2\/types\/page"}],"author":[{"embeddable":true,"href":"https:\/\/virtual.usac.edu.gt\/deai\/wp-json\/wp\/v2\/users\/1"}],"replies":[{"embeddable":true,"href":"https:\/\/virtual.usac.edu.gt\/deai\/wp-json\/wp\/v2\/comments?post=1040"}],"version-history":[{"count":169,"href":"https:\/\/virtual.usac.edu.gt\/deai\/wp-json\/wp\/v2\/pages\/1040\/revisions"}],"predecessor-version":[{"id":3174,"href":"https:\/\/virtual.usac.edu.gt\/deai\/wp-json\/wp\/v2\/pages\/1040\/revisions\/3174"}],"wp:attachment":[{"href":"https:\/\/virtual.usac.edu.gt\/deai\/wp-json\/wp\/v2\/media?parent=1040"}],"curies":[{"name":"wp","href":"https:\/\/api.w.org\/{rel}","templated":true}]}}