{"id":15978,"date":"2024-05-02T22:02:20","date_gmt":"2024-05-02T20:02:20","guid":{"rendered":"https:\/\/virtual.usac.edu.gt\/dedev\/?page_id=15978"},"modified":"2024-05-02T22:31:19","modified_gmt":"2024-05-02T20:31:19","slug":"explora-el-poder-de-la-organizacion-digital-con-google-calendar","status":"publish","type":"page","link":"https:\/\/virtual.usac.edu.gt\/dedev\/explora-el-poder-de-la-organizacion-digital-con-google-calendar\/","title":{"rendered":"Explora el poder de la organizaci\u00f3n digital con Google Calendar"},"content":{"rendered":"\t\t<div data-elementor-type=\"wp-page\" data-elementor-id=\"15978\" class=\"elementor elementor-15978\" data-elementor-settings=\"[]\">\n\t\t\t\t\t\t\t<div class=\"elementor-section-wrap\">\n\t\t\t\t\t\t\t<section class=\"elementor-section elementor-top-section elementor-element elementor-element-01dd73a elementor-section-boxed elementor-section-height-default elementor-section-height-default\" data-id=\"01dd73a\" data-element_type=\"section\">\n\t\t\t\t\t\t<div class=\"elementor-container elementor-column-gap-default\">\n\t\t\t\t\t<div class=\"elementor-column elementor-col-100 elementor-top-column elementor-element elementor-element-a78b0f6\" data-id=\"a78b0f6\" data-element_type=\"column\">\n\t\t\t<div class=\"elementor-widget-wrap elementor-element-populated\">\n\t\t\t\t\t\t\t\t<div class=\"elementor-element elementor-element-4721ffc elementor-widget elementor-widget-html\" data-id=\"4721ffc\" data-element_type=\"widget\" data-widget_type=\"html.default\">\n\t\t\t\t<div class=\"elementor-widget-container\">\n\t\t\t<style>\r\n    body {\r\n        font-family: 'Arial', sans-serif;\r\n        line-height: 1.8;\r\n        color: #000;\r\n        margin: 20px;\r\n        font-size: 18px;\r\n    }\r\n\r\n    h1, h2 {\r\n        font-family: 'Segoe UI', Tahoma, Geneva, Verdana, sans-serif;\r\n        font-weight: bold;\r\n        color: #000;\r\n    }\r\n\r\n    h2 {\r\n        color: #333;\r\n    }\r\n\r\n    p {\r\n        margin-bottom: 15px;\r\n        color: #333;\r\n    }\r\n\r\n    ol {\r\n        margin-bottom: 15px;\r\n        color: #333;\r\n    }\r\n\r\n    li {\r\n        margin-bottom: 5px;\r\n    }\r\n\r\n    a {\r\n        color: #007BFF;\r\n        text-decoration: none;\r\n        font-size: 17px;\r\n    }\r\n\r\n    a:hover {\r\n        text-decoration: underline;\r\n    }\r\n\r\n    .title-section {\r\n        font-size: 24px;\r\n        font-weight: bold;\r\n        color: #000;\r\n    }\r\n\r\n    .bold-subsection {\r\n        font-weight: bold;\r\n    }\r\n<\/style>\r\n\r\n<h1>\u00a1Explora el poder de la organizaci\u00f3n digital con Google Calendar!<\/h1>\r\n<p>Por. Ilich Ivanov Lutin Calder\u00f3n<\/p>\r\n\r\n<p>\u00a1Saludos, comunidad acad\u00e9mica de la Universidad de San Carlos de Guatemala!<\/p>\r\n\r\n<p>Hoy nos adentramos en el fascinante mundo de Google Calendar, una herramienta digital que va m\u00e1s all\u00e1 de la simple gesti\u00f3n del tiempo. \r\n    Es un aliado indispensable para optimizar nuestra agenda, coordinar eventos y maximizar nuestra productividad en el d\u00eda a d\u00eda. \r\n    Pero m\u00e1s all\u00e1 de sus funcionalidades, Google Calendar nos ofrece un vasto horizonte de oportunidades para potenciar nuestro \r\n    desarrollo acad\u00e9mico y profesional.<\/p>\r\n\r\n<h2>1. Organiza tu tiempo con eficiencia: Google Calendar<\/h2>\r\n<p>Google Calendar no es solo una aplicaci\u00f3n para marcar citas; es un sistema completo de gesti\u00f3n del tiempo que te permite \r\n    planificar tus actividades de manera inteligente. Desde reuniones hasta plazos de entrega, Google Calendar te ayuda a \r\n    organizar tu vida de manera eficiente y sin complicaciones.<\/p>\r\n\r\n<h2>2. Colaboraci\u00f3n sin l\u00edmites<\/h2>\r\n<p>La colaboraci\u00f3n es esencial en el mundo acad\u00e9mico, y Google Calendar facilita la coordinaci\u00f3n de horarios \r\n    y la programaci\u00f3n de reuniones con colegas y estudiantes. Con la funci\u00f3n de compartir calendarios, \r\n    puedes mantener a todos en la misma p\u00e1gina y trabajar de manera colaborativa hacia objetivos comunes.<\/p>\r\n\r\n<h2>3. Acceso desde cualquier lugar, en cualquier momento<\/h2>\r\n\r\n<p>Con la sincronizaci\u00f3n instant\u00e1nea en todos tus dispositivos, Google Calendar te permite acceder a tu agenda \r\n    desde cualquier lugar y en cualquier momento. Ya sea en el campus, en casa o en movimiento, \r\n    siempre tendr\u00e1s tus eventos y recordatorios al alcance de tu mano.<\/p>\r\n\r\n\r\n<h2>4. Seguridad y respaldo autom\u00e1tico<\/h2>\r\n\r\n<p>La seguridad de tus datos es nuestra prioridad, por eso Google Calendar cuenta con medidas robustas \r\n    de protecci\u00f3n de la informaci\u00f3n. Adem\u00e1s, tus eventos y citas se respaldan autom\u00e1ticamente, \r\n    garantizando que nunca pierdas informaci\u00f3n importante.<\/p>\r\n\r\n\r\n<h2>5. Acumula cr\u00e9ditos acad\u00e9micos con Google Calendar<\/h2>\r\n\r\n<p>\u00bfSab\u00edas que puedes obtener cr\u00e9ditos acad\u00e9micos al dominar Google Calendar? La Divisi\u00f3n de Educaci\u00f3n a Distancia en Entornos Virtuales\r\n    de la USAC ofrece cursos auto gestionables dise\u00f1ados para fortalecer tus habilidades digitales. Al completar con \u00e9xito estos cursos, \r\n    no solo mejorar\u00e1s tu eficiencia en el trabajo, sino que tambi\u00e9n acumular\u00e1s horas que se traducir\u00e1n en valiosos cr\u00e9ditos acad\u00e9micos.<\/p>    \r\n\r\n\r\n<h2>El llamado a la acci\u00f3n: \u00a1Inscr\u00edbete ahora!<\/h2>\r\n\r\n<p>No se trata solo de aprender una nueva herramienta; se trata de desbloquear tu \r\n    potencial digital y avanzar en tu desarrollo acad\u00e9mico y profesional. \r\n    \u00a1Inscr\u00edbete en el curso auto gestionable de Google Calendar y \r\n    haz que cada minuto de aprendizaje cuente!!<\/p>\r\n\r\n\r\n<p>Que la gesti\u00f3n eficiente del tiempo con Google Calendar te lleve hacia nuevas \r\n    fronteras acad\u00e9micas y te brinde oportunidades ilimitadas de crecimiento y \u00e9xito.<\/p>\r\n\r\n\t\t<\/div>\n\t\t\t\t<\/div>\n\t\t\t\t\t<\/div>\n\t\t<\/div>\n\t\t\t\t\t\t\t<\/div>\n\t\t<\/section>\n\t\t\t\t\t\t<\/div>\n\t\t\t\t\t<\/div>\n\t\t","protected":false},"excerpt":{"rendered":"<p>\u00a1Explora el poder de la organizaci\u00f3n digital con Google Calendar! Por. Ilich Ivanov Lutin Calder\u00f3n \u00a1Saludos, comunidad acad\u00e9mica de la Universidad de San Carlos de Guatemala! Hoy nos adentramos en el fascinante mundo de Google Calendar, una herramienta digital que va m\u00e1s all\u00e1 de la simple gesti\u00f3n del tiempo. Es un aliado indispensable para optimizar &hellip;<\/p>\n<p class=\"read-more\"> <a class=\"\" href=\"https:\/\/virtual.usac.edu.gt\/dedev\/explora-el-poder-de-la-organizacion-digital-con-google-calendar\/\"> <span class=\"screen-reader-text\">Explora el poder de la organizaci\u00f3n digital con Google Calendar<\/span> Read More &raquo;<\/a><\/p>\n","protected":false},"author":1,"featured_media":0,"parent":0,"menu_order":0,"comment_status":"closed","ping_status":"closed","template":"","meta":{"site-sidebar-layout":"no-sidebar","site-content-layout":"page-builder","ast-main-header-display":"","ast-hfb-above-header-display":"","ast-hfb-below-header-display":"","ast-hfb-mobile-header-display":"","site-post-title":"disabled","ast-breadcrumbs-content":"","ast-featured-img":"disabled","footer-sml-layout":"","theme-transparent-header-meta":"","adv-header-id-meta":"","stick-header-meta":"","header-above-stick-meta":"","header-main-stick-meta":"","header-below-stick-meta":"","footnotes":""},"class_list":["post-15978","page","type-page","status-publish","hentry"],"yoast_head":"<!-- This site is optimized with the Yoast SEO plugin v22.0 - https:\/\/yoast.com\/wordpress\/plugins\/seo\/ -->\n<title>Explora el poder de la organizaci\u00f3n digital con Google Calendar<\/title>\n<meta name=\"robots\" content=\"index, follow, max-snippet:-1, max-image-preview:large, max-video-preview:-1\" \/>\n<link rel=\"canonical\" href=\"https:\/\/virtual.usac.edu.gt\/dedev\/explora-el-poder-de-la-organizacion-digital-con-google-calendar\/\" \/>\n<meta property=\"og:locale\" content=\"es_ES\" \/>\n<meta property=\"og:type\" content=\"article\" \/>\n<meta property=\"og:title\" content=\"Explora el poder de la organizaci\u00f3n digital con Google Calendar\" \/>\n<meta property=\"og:url\" content=\"https:\/\/virtual.usac.edu.gt\/dedev\/explora-el-poder-de-la-organizacion-digital-con-google-calendar\/\" \/>\n<meta property=\"article:publisher\" content=\"https:\/\/www.facebook.com\/dedevusac\" \/>\n<meta property=\"article:modified_time\" content=\"2024-05-02T20:31:19+00:00\" \/>\n<meta property=\"og:image\" content=\"https:\/\/virtual.usac.edu.gt\/dedev\/wp-content\/uploads\/2021\/11\/usac-dedev.png\" \/>\n\t<meta property=\"og:image:width\" content=\"355\" \/>\n\t<meta property=\"og:image:height\" content=\"97\" \/>\n\t<meta property=\"og:image:type\" content=\"image\/png\" \/>\n<meta name=\"twitter:card\" content=\"summary_large_image\" \/>\n<meta name=\"twitter:site\" content=\"@usacdedev\" \/>\n<meta name=\"twitter:label1\" content=\"Est. reading time\" \/>\n\t<meta name=\"twitter:data1\" content=\"2 minutos\" \/>\n<script type=\"application\/ld+json\" class=\"yoast-schema-graph\">{\"@context\":\"https:\/\/schema.org\",\"@graph\":[{\"@type\":\"WebPage\",\"@id\":\"https:\/\/virtual.usac.edu.gt\/dedev\/explora-el-poder-de-la-organizacion-digital-con-google-calendar\/\",\"url\":\"https:\/\/virtual.usac.edu.gt\/dedev\/explora-el-poder-de-la-organizacion-digital-con-google-calendar\/\",\"name\":\"Explora el poder de la organizaci\u00f3n digital con Google Calendar\",\"isPartOf\":{\"@id\":\"https:\/\/virtual.usac.edu.gt\/dedev\/#website\"},\"datePublished\":\"2024-05-02T20:02:20+00:00\",\"dateModified\":\"2024-05-02T20:31:19+00:00\",\"breadcrumb\":{\"@id\":\"https:\/\/virtual.usac.edu.gt\/dedev\/explora-el-poder-de-la-organizacion-digital-con-google-calendar\/#breadcrumb\"},\"inLanguage\":\"es\",\"potentialAction\":[{\"@type\":\"ReadAction\",\"target\":[\"https:\/\/virtual.usac.edu.gt\/dedev\/explora-el-poder-de-la-organizacion-digital-con-google-calendar\/\"]}]},{\"@type\":\"BreadcrumbList\",\"@id\":\"https:\/\/virtual.usac.edu.gt\/dedev\/explora-el-poder-de-la-organizacion-digital-con-google-calendar\/#breadcrumb\",\"itemListElement\":[{\"@type\":\"ListItem\",\"position\":1,\"name\":\"Home\",\"item\":\"https:\/\/virtual.usac.edu.gt\/dedev\/\"},{\"@type\":\"ListItem\",\"position\":2,\"name\":\"Explora el poder de la organizaci\u00f3n digital con Google Calendar\"}]},{\"@type\":\"WebSite\",\"@id\":\"https:\/\/virtual.usac.edu.gt\/dedev\/#website\",\"url\":\"https:\/\/virtual.usac.edu.gt\/dedev\/\",\"name\":\"https:\/\/virtual.usac.edu.gt\/dedev\",\"description\":\"Divisi\u00f3n de Educaci\u00f3n a Distancia en Entornos Virtuales\",\"publisher\":{\"@id\":\"https:\/\/virtual.usac.edu.gt\/dedev\/#organization\"},\"potentialAction\":[{\"@type\":\"SearchAction\",\"target\":{\"@type\":\"EntryPoint\",\"urlTemplate\":\"https:\/\/virtual.usac.edu.gt\/dedev\/?s={search_term_string}\"},\"query-input\":\"required name=search_term_string\"}],\"inLanguage\":\"es\"},{\"@type\":\"Organization\",\"@id\":\"https:\/\/virtual.usac.edu.gt\/dedev\/#organization\",\"name\":\"DEDEV USAC\",\"alternateName\":\"DEDEV\",\"url\":\"https:\/\/virtual.usac.edu.gt\/dedev\/\",\"logo\":{\"@type\":\"ImageObject\",\"inLanguage\":\"es\",\"@id\":\"https:\/\/virtual.usac.edu.gt\/dedev\/#\/schema\/logo\/image\/\",\"url\":\"https:\/\/virtual.usac.edu.gt\/dedev\/wp-content\/uploads\/2021\/11\/cropped-ICONO_Mesa-de-trabajo-1-copia.png\",\"contentUrl\":\"https:\/\/virtual.usac.edu.gt\/dedev\/wp-content\/uploads\/2021\/11\/cropped-ICONO_Mesa-de-trabajo-1-copia.png\",\"width\":512,\"height\":512,\"caption\":\"DEDEV USAC\"},\"image\":{\"@id\":\"https:\/\/virtual.usac.edu.gt\/dedev\/#\/schema\/logo\/image\/\"},\"sameAs\":[\"https:\/\/www.facebook.com\/dedevusac\",\"https:\/\/twitter.com\/usacdedev\",\"https:\/\/www.youtube.com\/channel\/UC0weNIBRspBx-ntSC31LgVA\"]}]}<\/script>\n<!-- \/ Yoast SEO plugin. -->","yoast_head_json":{"title":"Explora el poder de la organizaci\u00f3n digital con Google Calendar","robots":{"index":"index","follow":"follow","max-snippet":"max-snippet:-1","max-image-preview":"max-image-preview:large","max-video-preview":"max-video-preview:-1"},"canonical":"https:\/\/virtual.usac.edu.gt\/dedev\/explora-el-poder-de-la-organizacion-digital-con-google-calendar\/","og_locale":"es_ES","og_type":"article","og_title":"Explora el poder de la organizaci\u00f3n digital con Google Calendar","og_url":"https:\/\/virtual.usac.edu.gt\/dedev\/explora-el-poder-de-la-organizacion-digital-con-google-calendar\/","article_publisher":"https:\/\/www.facebook.com\/dedevusac","article_modified_time":"2024-05-02T20:31:19+00:00","og_image":[{"width":355,"height":97,"url":"https:\/\/virtual.usac.edu.gt\/dedev\/wp-content\/uploads\/2021\/11\/usac-dedev.png","type":"image\/png"}],"twitter_card":"summary_large_image","twitter_site":"@usacdedev","twitter_misc":{"Est. reading time":"2 minutos"},"schema":{"@context":"https:\/\/schema.org","@graph":[{"@type":"WebPage","@id":"https:\/\/virtual.usac.edu.gt\/dedev\/explora-el-poder-de-la-organizacion-digital-con-google-calendar\/","url":"https:\/\/virtual.usac.edu.gt\/dedev\/explora-el-poder-de-la-organizacion-digital-con-google-calendar\/","name":"Explora el poder de la organizaci\u00f3n digital con Google Calendar","isPartOf":{"@id":"https:\/\/virtual.usac.edu.gt\/dedev\/#website"},"datePublished":"2024-05-02T20:02:20+00:00","dateModified":"2024-05-02T20:31:19+00:00","breadcrumb":{"@id":"https:\/\/virtual.usac.edu.gt\/dedev\/explora-el-poder-de-la-organizacion-digital-con-google-calendar\/#breadcrumb"},"inLanguage":"es","potentialAction":[{"@type":"ReadAction","target":["https:\/\/virtual.usac.edu.gt\/dedev\/explora-el-poder-de-la-organizacion-digital-con-google-calendar\/"]}]},{"@type":"BreadcrumbList","@id":"https:\/\/virtual.usac.edu.gt\/dedev\/explora-el-poder-de-la-organizacion-digital-con-google-calendar\/#breadcrumb","itemListElement":[{"@type":"ListItem","position":1,"name":"Home","item":"https:\/\/virtual.usac.edu.gt\/dedev\/"},{"@type":"ListItem","position":2,"name":"Explora el poder de la organizaci\u00f3n digital con Google Calendar"}]},{"@type":"WebSite","@id":"https:\/\/virtual.usac.edu.gt\/dedev\/#website","url":"https:\/\/virtual.usac.edu.gt\/dedev\/","name":"https:\/\/virtual.usac.edu.gt\/dedev","description":"Divisi\u00f3n de Educaci\u00f3n a Distancia en Entornos Virtuales","publisher":{"@id":"https:\/\/virtual.usac.edu.gt\/dedev\/#organization"},"potentialAction":[{"@type":"SearchAction","target":{"@type":"EntryPoint","urlTemplate":"https:\/\/virtual.usac.edu.gt\/dedev\/?s={search_term_string}"},"query-input":"required name=search_term_string"}],"inLanguage":"es"},{"@type":"Organization","@id":"https:\/\/virtual.usac.edu.gt\/dedev\/#organization","name":"DEDEV USAC","alternateName":"DEDEV","url":"https:\/\/virtual.usac.edu.gt\/dedev\/","logo":{"@type":"ImageObject","inLanguage":"es","@id":"https:\/\/virtual.usac.edu.gt\/dedev\/#\/schema\/logo\/image\/","url":"https:\/\/virtual.usac.edu.gt\/dedev\/wp-content\/uploads\/2021\/11\/cropped-ICONO_Mesa-de-trabajo-1-copia.png","contentUrl":"https:\/\/virtual.usac.edu.gt\/dedev\/wp-content\/uploads\/2021\/11\/cropped-ICONO_Mesa-de-trabajo-1-copia.png","width":512,"height":512,"caption":"DEDEV USAC"},"image":{"@id":"https:\/\/virtual.usac.edu.gt\/dedev\/#\/schema\/logo\/image\/"},"sameAs":["https:\/\/www.facebook.com\/dedevusac","https:\/\/twitter.com\/usacdedev","https:\/\/www.youtube.com\/channel\/UC0weNIBRspBx-ntSC31LgVA"]}]}},"_links":{"self":[{"href":"https:\/\/virtual.usac.edu.gt\/dedev\/wp-json\/wp\/v2\/pages\/15978","targetHints":{"allow":["GET"]}}],"collection":[{"href":"https:\/\/virtual.usac.edu.gt\/dedev\/wp-json\/wp\/v2\/pages"}],"about":[{"href":"https:\/\/virtual.usac.edu.gt\/dedev\/wp-json\/wp\/v2\/types\/page"}],"author":[{"embeddable":true,"href":"https:\/\/virtual.usac.edu.gt\/dedev\/wp-json\/wp\/v2\/users\/1"}],"replies":[{"embeddable":true,"href":"https:\/\/virtual.usac.edu.gt\/dedev\/wp-json\/wp\/v2\/comments?post=15978"}],"version-history":[{"count":14,"href":"https:\/\/virtual.usac.edu.gt\/dedev\/wp-json\/wp\/v2\/pages\/15978\/revisions"}],"predecessor-version":[{"id":15994,"href":"https:\/\/virtual.usac.edu.gt\/dedev\/wp-json\/wp\/v2\/pages\/15978\/revisions\/15994"}],"wp:attachment":[{"href":"https:\/\/virtual.usac.edu.gt\/dedev\/wp-json\/wp\/v2\/media?parent=15978"}],"curies":[{"name":"wp","href":"https:\/\/api.w.org\/{rel}","templated":true}]}}